{"id":9,"date":"2018-09-10T11:11:14","date_gmt":"2018-09-10T09:11:14","guid":{"rendered":"http:\/\/territoire.emse.fr\/wordpress\/?page_id=9"},"modified":"2026-04-27T10:28:54","modified_gmt":"2026-04-27T08:28:54","slug":"a-propos-de","status":"publish","type":"page","link":"https:\/\/territoire.emse.fr\/?page_id=9","title":{"rendered":"Contact"},"content":{"rendered":"<p><strong>La gestion int\u00e9gr\u00e9e des ressources disponibles au sein d&rsquo;un territoire est devenue une question cruciale pour tout d\u00e9cideur. Pour r\u00e9pondre aux exigences de durabilit\u00e9, toute d\u00e9cision locale doit r\u00e9pondre \u00e0 une probl\u00e9matique pluridisciplinaire et int\u00e9grer diff\u00e9rentes \u00e9chelles temporelles et spatiales&#8230;<\/strong><\/p>\r\n<p>Notre offre vous int\u00e9resse, vous souhaitez obtenir de plus amples informations sur une de nos applications, ou tout simplement prendre rendez-vous pour une d\u00e9monstration.<\/p>\r\n<p><strong>Merci de nous\u00a0<a href=\"mailto:fbreuil@emse.fr?subject=Territoire\">envoyer un message<\/a><\/strong>\u00a0et nous nous ferons un plaisir de vous r\u00e9pondre dans les plus brefs d\u00e9lais.<\/p>\r\n<p>&nbsp;<\/p>\n","protected":false},"excerpt":{"rendered":"<p>La gestion int\u00e9gr\u00e9e des ressources disponibles au sein d&rsquo;un territoire est devenue une question cruciale pour tout d\u00e9cideur. Pour r\u00e9pondre aux exigences de durabilit\u00e9, toute d\u00e9cision locale doit r\u00e9pondre \u00e0 une probl\u00e9matique pluridisciplinaire et int\u00e9grer diff\u00e9rentes \u00e9chelles temporelles et spatiales&#8230; Notre offre vous int\u00e9resse, vous souhaitez obtenir de plus amples informations sur une de nos applications, ou tout simplement prendre rendez-vous pour une d\u00e9monstration. Merci de nous\u00a0envoyer un message\u00a0et nous nous ferons un plaisir de vous r\u00e9pondre dans les plus&hellip;<\/p>\n","protected":false},"author":1,"featured_media":112,"parent":0,"menu_order":0,"comment_status":"closed","ping_status":"closed","template":"","meta":{"footnotes":""},"class_list":["post-9","page","type-page","status-publish","has-post-thumbnail","hentry","post-has-thumbnail"],"_links":{"self":[{"href":"https:\/\/territoire.emse.fr\/index.php?rest_route=\/wp\/v2\/pages\/9","targetHints":{"allow":["GET"]}}],"collection":[{"href":"https:\/\/territoire.emse.fr\/index.php?rest_route=\/wp\/v2\/pages"}],"about":[{"href":"https:\/\/territoire.emse.fr\/index.php?rest_route=\/wp\/v2\/types\/page"}],"author":[{"embeddable":true,"href":"https:\/\/territoire.emse.fr\/index.php?rest_route=\/wp\/v2\/users\/1"}],"replies":[{"embeddable":true,"href":"https:\/\/territoire.emse.fr\/index.php?rest_route=%2Fwp%2Fv2%2Fcomments&post=9"}],"version-history":[{"count":17,"href":"https:\/\/territoire.emse.fr\/index.php?rest_route=\/wp\/v2\/pages\/9\/revisions"}],"predecessor-version":[{"id":4822,"href":"https:\/\/territoire.emse.fr\/index.php?rest_route=\/wp\/v2\/pages\/9\/revisions\/4822"}],"wp:featuredmedia":[{"embeddable":true,"href":"https:\/\/territoire.emse.fr\/index.php?rest_route=\/wp\/v2\/media\/112"}],"wp:attachment":[{"href":"https:\/\/territoire.emse.fr\/index.php?rest_route=%2Fwp%2Fv2%2Fmedia&parent=9"}],"curies":[{"name":"wp","href":"https:\/\/api.w.org\/{rel}","templated":true}]}}